 j + 2*j = 87. Let p = j + -7. List the prime factors of p.
2, 11
Let j(n) be the third derivative of -n**6/120 + n**5/30 + n**4/6 + n**3/3 - 3*n**2. Let a be j(-2). What are the prime factors of 4/a + (-174)/(-15)?
2, 3
Suppose -3*u + 567 = 4*u. List the prime factors of u.
3
Let z(i) = -i**2 - 3*i - 1. Let q(j) = j - 1. Let p(h) = -2*q(h) + z(h). Let b be p(-4). Suppose b = 4*r + 5*c - 38, r + 2 = 3*c. List the prime factors of r.
7
Let t(u) = -3*u - 9 - u**3 - 2*u + 11*u**2 - 3*u**2. List the prime factors of t(7).
5
Suppose 4*n - 8 = 0, -4*x - 3*n + 24 = n. What are the prime factors of (x/6)/(14/651)?
31
Let u(r) = r**2 - 4*r - 7. Let m be u(-7). Suppose -f = -4*j - 31, 5*f - 3*j - m = -0*j. List the prime factors of f.
11
List the prime factors of -1 + 372/3 + 1.
2, 31
Suppose 1330 - 250 = 8*o. What are the prime factors of o?
3, 5
Suppose 0 = -2*f - 3*v + 159 + 124, -v - 1 = 0. List the prime factors of f.
11, 13
Suppose -23 = 5*p - 268. Let n = 97 - p. Suppose 2*k - 6*k = -n. List the prime factors of k.
2, 3
Let j(p) = 7*p + 3. What are the prime factors of j(3)?
2, 3
Suppose 87 = 5*p + 17. Suppose 0 = o - 2*o - 4*d - p, 5*o + 5*d + 10 = 0. List the prime factors of o.
2
Suppose 0 = -4*k - 211 - 221. What are the prime factors of (k/(-16))/((-6)/(-16))?
2, 3
Suppose -u + 35 = 4*s - 0, 3*s + 14 = u. List the prime factors of u.
23
Let n(p) = -p**3 - 2*p**2 + 5*p + 3. Let f be n(-3). Let b(v) = 13*v - 13*v - v**3 + 2 - 3 - 2*v**2. What are the prime factors of b(f)?
2
Suppose 3*k - 4 + 1 = 0. Let x be (-4 - -34)/(0 - k). What are the prime factors of x/(-2) + 2/(-1)?
13
Suppose 15 = -3*i - 3*q, -3*i + q + 10 = -q. Suppose -3*k = -i*k - 6. List the prime factors of k.
2
List the prime factors of (153/(-4))/((-336)/128)*7.
2, 3, 17
Suppose -6*f + 252 + 228 = 0. What are the prime factors of f?
2, 5
Suppose 16 = 3*k - 0*k - 2*w, -3*k - w + 1 = 0. List the prime factors of (k/(-2))/((-1)/26).
2, 13
Let p = 37 - 20. Suppose 3*h = -v - 8, 4*v + 2*h = 5*v - p. What are the prime factors of v?
7
Let d = -46 - -103. What are the prime factors of d?
3, 19
Let b be 7 - (2 + 1 + -1). Let y = 1 + b. Suppose -y = -2*z - 0*z. List the prime factors of z.
3
Let g be (4 + 0 + -8)*1. What are the prime factors of 2/(1/((-102)/g))?
3, 17
Suppose 0*y - 25 = -5*y. Suppose 5*r - y*l - 70 = 0, -5*r + 37 + 43 = -3*l. List the prime factors of r.
19
Suppose -2 = -2*c + c. Suppose -n = 5 - c. Let p = 2 - n. List the prime factors of p.
5
Suppose 3*k + j - 17 = -0*k, 0 = 5*k - 5*j + 5. Suppose -3*w = 0, -f - 3*w + 225 = k*f. List the prime factors of f.
3, 5
Let a = -178 - -277. What are the prime factors of a?
3, 11
Let z be 2/7 - 130/14. Let i(c) be the third derivative of -c**4/12 - 2*c**3 - 8*c**2. What are the prime factors of i(z)?
2, 3
Let r(u) = -u - 3. Let s be r(-2). Let h be (-5)/s*(-1 - 1). Let m = 20 + h. What are the prime factors of m?
2, 5
Suppose -4*f - m = -2 - 157, -125 = -3*f + 5*m. What are the prime factors of f?
2, 5
Let u(q) = q**3 - 12*q**2 + 12*q - 3. Let f be u(11). Suppose -44 = -4*y - 2*v, y = -v + f + 1. List the prime factors of y.
13
Let w(a) = 2*a - 28. List the prime factors of w(16).
2
Let h(p) = -p + 1. Let u be h(5). What are the prime factors of (-10)/u*(-16)/(-5)?
2
Let y be 78/10*10/2. What are the prime factors of (-4 + 1)/((-3)/y)?
3, 13
Let j = 1 - -4. Suppose -j*s - 11 = -81. List the prime factors of s.
2, 7
Let l(z) be the third derivative of 5/3*z**3 - 1/120*z**6 + 0*z + 3/20*z**5 - 1/3*z**4 - 2*z**2 + 0. What are the prime factors of l(8)?
2, 5
Suppose f = -33 + 111. What are the prime factors of f?
2, 3, 13
Let u(l) = l**3 - 12*l**2 + 6*l - 13. Let j be u(12). Let c = j - 39. List the prime factors of c.
2, 5
Let v = 183 - 79. List the prime factors of v.
2, 13
Suppose f - 26 = -2*k, 3*k = -2*k + 2*f + 74. Let n = k + -3. What are the prime factors of n?
11
Let r(z) = 5*z**2 + 18*z + 4. Let v(s) = -4*s**2 - 17*s - 3. Let y(c) = -5*r(c) - 6*v(c). List the prime factors of y(5).
3, 11
Let y = -7 + 6. Let i = 1 - y. Suppose 0*b = -i*b + 36. List the prime factors of b.
2, 3
Let y(z) be the first derivative of -z**5/20 - z**4/4 + z**3/6 + 3*z + 2. Let i(u) be the first derivative of y(u). What are the prime factors of i(-4)?
2, 3
Let l be ((-36)/16 - -2) + (-143)/4. Let q be 67/(-4) + 1/(-4). Let o = q - l. What are the prime factors of o?
19
Suppose -5*x = -10*x + 5*f + 145, x - 17 = -5*f. What are the prime factors of x?
3
Let h = 7 + -2. Suppose -h*o - 22 = -112. What are the prime factors of o?
2, 3
Suppose -t - 1 = -5*y - 12, 2*t - 2*y = -18. Suppose f - 16 = -40. Let j = t - f. List the prime factors of j.
2, 5
Let o = 0 + 6. Suppose -o*l + 5*l = -6. Suppose 3*u - 2*p = 18, 0 = -u - 0*p + 4*p + l. What are the prime factors of u?
2, 3
Let q(d) = 0*d**2 + 3*d - 2*d + 2*d**2 - 10*d**3. List the prime factors of q(-1).
11
Let u = -2 + 7. Suppose 106 = 3*b + 3*h + 2*h, -3*h = -u*b + 154. List the prime factors of b.
2
Suppose -3*s + 376 = -395. What are the prime factors of s?
257
Let l(k) = 4*k + 14. What are the prime factors of l(6)?
2, 19
Let t be 7/(14/4) + 1. Suppose 29 = 2*h + 3*l, 5*h = -l + t*l + 120. What are the prime factors of h?
2, 11
What are the prime factors of (-20)/(-30) - (-13)/3?
5
Suppose -6*j = -j. Suppose 2*o - 36 = -5*s + 6*o, -5*s + o + 24 = j. What are the prime factors of s?
2
Let h(l) = l**2 + 9*l + 11. List the prime factors of h(-9).
11
Let u = -2 + 8. What are the prime factors of -6*1/(-4)*u?
3
Let c be 3 - 1 - (-2)/(-1). Suppose 4*m - m - 51 = c. What are the prime factors of m?
17
Let q(h) be the second derivative of -h**5/20 + h**4/2 - h**3/3 + 2*h**2 + h. List the prime factors of q(5).
19
Let w(r) = 70*r - 3. Let b(u) = -23*u + 1. Let p(s) = -11*b(s) - 4*w(s). List the prime factors of p(-1).
2, 7
Suppose 0 = 4*w - 8*w + 56. List the prime factors of w.
2, 7
Suppose 2*x - 50 = -10. List the prime factors of x.
2, 5
Let o(b) = -b**2 + 7*b - 2. Let h be o(7). List the prime factors of 5/(-4)*2*h.
5
Let f(s) = 1 - s + 0 - 4 - 3. Let y be f(-7). What are the prime factors of (-7*(-1)/1)/y?
7
Suppose -4*j = 2*q - 13 - 7, 0 = -2*j - 5*q + 18. Let t(p) be the third derivative of p**5/60 - p**4/8 + p**3/2 + p**2. List the prime factors of t(j).
7
Suppose -2*j = 3*k - 53, 2*j = -5*k - 11 + 70. What are the prime factors of j?
2, 11
Let z(o) = -o**2 + 11*o - 11. What are the prime factors of z(8)?
13
Suppose -2*y + 0*y = -10. Suppose -4*u = 3*a - 33, -4*u - 26 = -y*a - u. List the prime factors of a.
7
Suppose 0*t + 336 = 2*k - 3*t, -478 = -3*k - 2*t. What are the prime factors of k?
2, 3
Suppose -2*b - 4*p = -88 - 44, 0 = -2*b - 2*p + 134. What are the prime factors of b?
2, 17
Let c = 4 + -1. Suppose c*k - 33 = -3*s, s - 4*k - 23 = k. List the prime factors of s.
13
Let g(k) = k + 10. Suppose 0 = -i + 4*i + 6. Let n be 1 - (-7)/2*i. What are the prime factors of g(n)?
2
Suppose -305 = -2*r - 3*r. List the prime factors of r.
61
Suppose 0 = -7*y + 3*y + 32. Let u = y - -2. Suppose u*k - 5*k = 55. What are the prime factors of k?
11
Let w(x) = x**2 + 4*x - 13. List the prime factors of w(7).
2
Let n(q) = q**2 + 3 - 2*q + 0*q - 1. Suppose s = -4*j - 17, 4*s + 2*j - 22 = 4*j. List the prime factors of n(s).
5
Let m(t) = -4*t + 34. List the prime factors of m(-13).
2, 43
Suppose 5*z - 265 = -3*u, -5*u + 415 = -4*z - z. List the prime factors of u.
5, 17
Suppose -j - 4*b = -4*j + 10, 4*b = -4*j + 4. Suppose 0 = a + 2*k + 8, -5*a + j*k - 54 = -2*k. What are the prime factors of (0 + 1)*a*-1?
2, 5
Suppose -4*b - 40 = -4*f, -2*f - 2*b = -63 + 23. List the prime factors of f.
3, 5
Let o = 6 - 10. What are the prime factors of 6*3 - o/(-2)?
2
Let p(z) = 21*z - 5. Let r(x) = -4*x + 1. Let t(b) = -2*p(b) - 11*r(b). Let o be t(2). Suppose o = q, -q = -g + 2*q + 4. List the prime factors of g.
13
Suppose 0 = -5*t + 5*m + 140, t = -3*m + 7 + 5. List the prime factors of t.
2, 3
Let p = 1 - -1. Suppose -2*b + 5*n + 31 = 0, -6*n - 12 = -p*n. Suppose o - 17 = c, 0 = -0*o - o - 2*c + b. List the prime factors of o.
2, 7
Let m(t) = 7*t**2 - t - 2. Let p be m(-1). Let z = p + -4. What are the prime factors of z?
2
Let w be -513 - (-3)/(-3)*0. What are the prime factors of w/(-39) + (-4)/26?
13
Suppose 52